{"id":1683,"date":"2025-10-09T08:45:00","date_gmt":"2025-10-09T11:45:00","guid":{"rendered":"https:\/\/temporizadorparachuveiro.com.br\/site\/?post_type=product&#038;p=1683"},"modified":"2026-03-25T09:19:44","modified_gmt":"2026-03-25T12:19:44","slug":"temporizador-corte-de-energia-220-volts-12000watts","status":"publish","type":"product","link":"https:\/\/temporizadorparachuveiro.com.br\/site\/produto\/temporizador-corte-de-energia-220-volts-12000watts\/","title":{"rendered":"Temporizador Corte de Energia &#8211; 220 Volts 12000watts"},"content":{"rendered":"\t\t<div data-elementor-type=\"product-post\" data-elementor-id=\"1683\" class=\"elementor elementor-1683\" data-elementor-post-type=\"product\">\n\t\t\t\t<div class=\"elementor-element elementor-element-664aeacc e-flex e-con-boxed e-con e-parent\" data-id=\"664aeacc\" data-element_type=\"container\" data-settings=\"{&quot;_ha_eqh_enable&quot;:false}\">\n\t\t\t\t\t<div class=\"e-con-inner\">\n\t\t\t\t<div class=\"elementor-element elementor-element-392710b elementor-widget elementor-widget-text-editor\" data-id=\"392710b\" data-element_type=\"widget\" data-widget_type=\"text-editor.default\">\n\t\t\t\t\t\t\t\t\t<h1 style=\"text-align: center;\"><strong>Temporizador Corte de energia para rede 220 Volts<\/strong><\/h1>\n&nbsp;\n<ul>\n \t<li>No final do tempo programado, corta a energia el\u00e9trica do chuveiro<\/li>\n \t<li>Reduz em at\u00e9 50% sua conta de luz<\/li>\n \t<li>Tempos program\u00e1veis<\/li>\n \t<li>Avisa dois minutos antes de terminar o tempo do banho<\/li>\n \t<li>Intervalo entre banhos program\u00e1vel<\/li>\n \t<li>Leds e bips indicadores do andamento do banho<\/li>\n \t<li>Fac\u00edlima instala\u00e7\u00e3o, sem quebrar paredes ou canos<\/li>\n \t<li>Produto brasileiro<\/li>\n<\/ul>\n<!-- img class=\"aligncenter wp-image-113 \" src=\"http:\/\/temporizadorparachuveiro.com.br\/wp-content\/uploads\/2024\/11\/certificado.webp\" alt=\"\" width=\"719\" height=\"508\" \/>\t\t\t\t\t\t\t\t<\/div>\n\t\t\t\t\t<\/div>\n\t\t\t\t<\/div>\n\t\t\t\t<\/div>\n\t\t","protected":false},"excerpt":{"rendered":"<p>Temporizador Para chuveiros de 12000 watts em rede 220volts .<\/p>\n<p>Corta a energia el\u00e9trica ao fim do tempo programado.<\/p>\n<p>Frete gr\u00e1tis para regi\u00e3o metropolitana de S\u00e3o Paulo &#8211; N\u00c3O \u00c9 PARA O ESTADO INTEIRO DE S\u00c3O PAULO. <\/p>\n<p>&nbsp;<\/p>\n<p>&nbsp;<\/p>\n<p>&nbsp;<\/p>\n","protected":false},"featured_media":2079,"comment_status":"open","ping_status":"closed","template":"","meta":[],"product_brand":[],"product_cat":[24],"product_tag":[22],"class_list":{"0":"post-1683","1":"product","2":"type-product","3":"status-publish","4":"has-post-thumbnail","6":"product_cat-corte-de-energia","7":"product_tag-corte-de-energia","8":"product_shipping_class-correios","10":"first","11":"instock","12":"sale","13":"shipping-taxable","14":"purchasable","15":"product-type-simple"},"yoast_head":"<!-- This site is optimized with the Yoast SEO Premium plugin v26.0 (Yoast SEO v26.0) - https:\/\/yoast.com\/wordpress\/plugins\/seo\/ -->\n<title>Temporizador Corte de Energia - 220 Volts 12000watts - Temporizador para Chuveiro<\/title>\n<meta name=\"robots\" content=\"index, follow, max-snippet:-1, max-image-preview:large, max-video-preview:-1\" \/>\n<link rel=\"canonical\" href=\"https:\/\/temporizadorparachuveiro.com.br\/site\/produto\/temporizador-corte-de-energia-220-volts-12000watts\/\" \/>\n<meta property=\"og:locale\" content=\"pt_BR\" \/>\n<meta property=\"og:type\" content=\"article\" \/>\n<meta property=\"og:title\" content=\"Temporizador Corte de Energia - 220 Volts 12000watts\" \/>\n<meta property=\"og:description\" content=\"Temporizador Para chuveiros de 12000 watts em rede 220volts .  Corta a energia el\u00e9trica ao fim do tempo programado.  Frete gr\u00e1tis para regi\u00e3o metropolitana de S\u00e3o Paulo - N\u00c3O \u00c9 PARA O ESTADO INTEIRO DE S\u00c3O PAULO.   &nbsp;  &nbsp;  &nbsp;\" \/>\n<meta property=\"og:url\" content=\"https:\/\/temporizadorparachuveiro.com.br\/site\/produto\/temporizador-corte-de-energia-220-volts-12000watts\/\" \/>\n<meta property=\"og:site_name\" content=\"Temporizador para Chuveiro\" \/>\n<meta property=\"article:modified_time\" content=\"2026-03-25T12:19:44+00:00\" \/>\n<meta property=\"og:image\" content=\"https:\/\/temporizadorparachuveiro.com.br\/site\/wp-content\/uploads\/2025\/12\/chuveiro-1-ano.jpg\" \/>\n\t<meta property=\"og:image:width\" content=\"890\" \/>\n\t<meta property=\"og:image:height\" content=\"1024\" \/>\n\t<meta property=\"og:image:type\" content=\"image\/jpeg\" \/>\n<meta name=\"twitter:card\" content=\"summary_large_image\" \/>\n<meta name=\"twitter:label1\" content=\"Est. tempo de leitura\" \/>\n\t<meta name=\"twitter:data1\" content=\"1 minuto\" \/>\n<script type=\"application\/ld+json\" class=\"yoast-schema-graph\">{\"@context\":\"https:\/\/schema.org\",\"@graph\":[{\"@type\":\"WebPage\",\"@id\":\"https:\/\/temporizadorparachuveiro.com.br\/site\/produto\/temporizador-corte-de-energia-220-volts-12000watts\/\",\"url\":\"https:\/\/temporizadorparachuveiro.com.br\/site\/produto\/temporizador-corte-de-energia-220-volts-12000watts\/\",\"name\":\"Temporizador Corte de Energia - 220 Volts 12000watts - Temporizador para Chuveiro\",\"isPartOf\":{\"@id\":\"https:\/\/temporizadorparachuveiro.com.br\/site\/#website\"},\"primaryImageOfPage\":{\"@id\":\"https:\/\/temporizadorparachuveiro.com.br\/site\/produto\/temporizador-corte-de-energia-220-volts-12000watts\/#primaryimage\"},\"image\":{\"@id\":\"https:\/\/temporizadorparachuveiro.com.br\/site\/produto\/temporizador-corte-de-energia-220-volts-12000watts\/#primaryimage\"},\"thumbnailUrl\":\"https:\/\/temporizadorparachuveiro.com.br\/site\/wp-content\/uploads\/2025\/12\/chuveiro-1-ano.jpg\",\"datePublished\":\"2025-10-09T11:45:00+00:00\",\"dateModified\":\"2026-03-25T12:19:44+00:00\",\"breadcrumb\":{\"@id\":\"https:\/\/temporizadorparachuveiro.com.br\/site\/produto\/temporizador-corte-de-energia-220-volts-12000watts\/#breadcrumb\"},\"inLanguage\":\"pt-BR\",\"potentialAction\":[{\"@type\":\"ReadAction\",\"target\":[\"https:\/\/temporizadorparachuveiro.com.br\/site\/produto\/temporizador-corte-de-energia-220-volts-12000watts\/\"]}]},{\"@type\":\"ImageObject\",\"inLanguage\":\"pt-BR\",\"@id\":\"https:\/\/temporizadorparachuveiro.com.br\/site\/produto\/temporizador-corte-de-energia-220-volts-12000watts\/#primaryimage\",\"url\":\"https:\/\/temporizadorparachuveiro.com.br\/site\/wp-content\/uploads\/2025\/12\/chuveiro-1-ano.jpg\",\"contentUrl\":\"https:\/\/temporizadorparachuveiro.com.br\/site\/wp-content\/uploads\/2025\/12\/chuveiro-1-ano.jpg\",\"width\":890,\"height\":1024},{\"@type\":\"BreadcrumbList\",\"@id\":\"https:\/\/temporizadorparachuveiro.com.br\/site\/produto\/temporizador-corte-de-energia-220-volts-12000watts\/#breadcrumb\",\"itemListElement\":[{\"@type\":\"ListItem\",\"position\":1,\"name\":\"Home\",\"item\":\"https:\/\/temporizadorparachuveiro.com.br\/site\/\"},{\"@type\":\"ListItem\",\"position\":2,\"name\":\"loja nova\",\"item\":\"https:\/\/temporizadorparachuveiro.com.br\/site\/loja-nova\/\"},{\"@type\":\"ListItem\",\"position\":3,\"name\":\"Temporizador Corte de Energia &#8211; 220 Volts 12000watts\"}]},{\"@type\":\"WebSite\",\"@id\":\"https:\/\/temporizadorparachuveiro.com.br\/site\/#website\",\"url\":\"https:\/\/temporizadorparachuveiro.com.br\/site\/\",\"name\":\"Temporizador para Chuveiro\",\"description\":\"Temporizador para chuveiro corte de energia. Temporizador para chuveiro corte de \u00e1gua.\",\"publisher\":{\"@id\":\"https:\/\/temporizadorparachuveiro.com.br\/site\/#organization\"},\"alternateName\":\"Timer para chuveiro\",\"potentialAction\":[{\"@type\":\"SearchAction\",\"target\":{\"@type\":\"EntryPoint\",\"urlTemplate\":\"https:\/\/temporizadorparachuveiro.com.br\/site\/?s={search_term_string}\"},\"query-input\":{\"@type\":\"PropertyValueSpecification\",\"valueRequired\":true,\"valueName\":\"search_term_string\"}}],\"inLanguage\":\"pt-BR\"},{\"@type\":\"Organization\",\"@id\":\"https:\/\/temporizadorparachuveiro.com.br\/site\/#organization\",\"name\":\"Temporizador para Chuveiro\",\"alternateName\":\"Aqualux temporizador para chuveiro\",\"url\":\"https:\/\/temporizadorparachuveiro.com.br\/site\/\",\"logo\":{\"@type\":\"ImageObject\",\"inLanguage\":\"pt-BR\",\"@id\":\"https:\/\/temporizadorparachuveiro.com.br\/site\/#\/schema\/logo\/image\/\",\"url\":\"https:\/\/temporizadorparachuveiro.com.br\/site\/wp-content\/uploads\/2025\/10\/cropped-logo-mini.png\",\"contentUrl\":\"https:\/\/temporizadorparachuveiro.com.br\/site\/wp-content\/uploads\/2025\/10\/cropped-logo-mini.png\",\"width\":137,\"height\":33,\"caption\":\"Temporizador para Chuveiro\"},\"image\":{\"@id\":\"https:\/\/temporizadorparachuveiro.com.br\/site\/#\/schema\/logo\/image\/\"},\"description\":\"Aqualux temporizador para chuveiro permite reduzir o valor da conta de luz e reduzir o valor da conta de \u00e1gua.\",\"email\":\"paulosdc@gmail.com\",\"telephone\":\"11962269058\",\"legalName\":\"Psdimas\",\"foundingDate\":\"2001-02-10\",\"numberOfEmployees\":{\"@type\":\"QuantitativeValue\",\"minValue\":\"1\",\"maxValue\":\"10\"},\"ownershipFundingInfo\":\"https:\/\/temporizadorparachuveiro.com.br\/site\/informacoes-gerais\/\"}]}<\/script>\n<!-- \/ Yoast SEO Premium plugin. -->","yoast_head_json":{"title":"Temporizador Corte de Energia - 220 Volts 12000watts - Temporizador para Chuveiro","robots":{"index":"index","follow":"follow","max-snippet":"max-snippet:-1","max-image-preview":"max-image-preview:large","max-video-preview":"max-video-preview:-1"},"canonical":"https:\/\/temporizadorparachuveiro.com.br\/site\/produto\/temporizador-corte-de-energia-220-volts-12000watts\/","og_locale":"pt_BR","og_type":"article","og_title":"Temporizador Corte de Energia - 220 Volts 12000watts","og_description":"Temporizador Para chuveiros de 12000 watts em rede 220volts .  Corta a energia el\u00e9trica ao fim do tempo programado.  Frete gr\u00e1tis para regi\u00e3o metropolitana de S\u00e3o Paulo - N\u00c3O \u00c9 PARA O ESTADO INTEIRO DE S\u00c3O PAULO.   &nbsp;  &nbsp;  &nbsp;","og_url":"https:\/\/temporizadorparachuveiro.com.br\/site\/produto\/temporizador-corte-de-energia-220-volts-12000watts\/","og_site_name":"Temporizador para Chuveiro","article_modified_time":"2026-03-25T12:19:44+00:00","og_image":[{"width":890,"height":1024,"url":"https:\/\/temporizadorparachuveiro.com.br\/site\/wp-content\/uploads\/2025\/12\/chuveiro-1-ano.jpg","type":"image\/jpeg"}],"twitter_card":"summary_large_image","twitter_misc":{"Est. tempo de leitura":"1 minuto"},"schema":{"@context":"https:\/\/schema.org","@graph":[{"@type":"WebPage","@id":"https:\/\/temporizadorparachuveiro.com.br\/site\/produto\/temporizador-corte-de-energia-220-volts-12000watts\/","url":"https:\/\/temporizadorparachuveiro.com.br\/site\/produto\/temporizador-corte-de-energia-220-volts-12000watts\/","name":"Temporizador Corte de Energia - 220 Volts 12000watts - Temporizador para Chuveiro","isPartOf":{"@id":"https:\/\/temporizadorparachuveiro.com.br\/site\/#website"},"primaryImageOfPage":{"@id":"https:\/\/temporizadorparachuveiro.com.br\/site\/produto\/temporizador-corte-de-energia-220-volts-12000watts\/#primaryimage"},"image":{"@id":"https:\/\/temporizadorparachuveiro.com.br\/site\/produto\/temporizador-corte-de-energia-220-volts-12000watts\/#primaryimage"},"thumbnailUrl":"https:\/\/temporizadorparachuveiro.com.br\/site\/wp-content\/uploads\/2025\/12\/chuveiro-1-ano.jpg","datePublished":"2025-10-09T11:45:00+00:00","dateModified":"2026-03-25T12:19:44+00:00","breadcrumb":{"@id":"https:\/\/temporizadorparachuveiro.com.br\/site\/produto\/temporizador-corte-de-energia-220-volts-12000watts\/#breadcrumb"},"inLanguage":"pt-BR","potentialAction":[{"@type":"ReadAction","target":["https:\/\/temporizadorparachuveiro.com.br\/site\/produto\/temporizador-corte-de-energia-220-volts-12000watts\/"]}]},{"@type":"ImageObject","inLanguage":"pt-BR","@id":"https:\/\/temporizadorparachuveiro.com.br\/site\/produto\/temporizador-corte-de-energia-220-volts-12000watts\/#primaryimage","url":"https:\/\/temporizadorparachuveiro.com.br\/site\/wp-content\/uploads\/2025\/12\/chuveiro-1-ano.jpg","contentUrl":"https:\/\/temporizadorparachuveiro.com.br\/site\/wp-content\/uploads\/2025\/12\/chuveiro-1-ano.jpg","width":890,"height":1024},{"@type":"BreadcrumbList","@id":"https:\/\/temporizadorparachuveiro.com.br\/site\/produto\/temporizador-corte-de-energia-220-volts-12000watts\/#breadcrumb","itemListElement":[{"@type":"ListItem","position":1,"name":"Home","item":"https:\/\/temporizadorparachuveiro.com.br\/site\/"},{"@type":"ListItem","position":2,"name":"loja nova","item":"https:\/\/temporizadorparachuveiro.com.br\/site\/loja-nova\/"},{"@type":"ListItem","position":3,"name":"Temporizador Corte de Energia &#8211; 220 Volts 12000watts"}]},{"@type":"WebSite","@id":"https:\/\/temporizadorparachuveiro.com.br\/site\/#website","url":"https:\/\/temporizadorparachuveiro.com.br\/site\/","name":"Temporizador para Chuveiro","description":"Temporizador para chuveiro corte de energia. Temporizador para chuveiro corte de \u00e1gua.","publisher":{"@id":"https:\/\/temporizadorparachuveiro.com.br\/site\/#organization"},"alternateName":"Timer para chuveiro","potentialAction":[{"@type":"SearchAction","target":{"@type":"EntryPoint","urlTemplate":"https:\/\/temporizadorparachuveiro.com.br\/site\/?s={search_term_string}"},"query-input":{"@type":"PropertyValueSpecification","valueRequired":true,"valueName":"search_term_string"}}],"inLanguage":"pt-BR"},{"@type":"Organization","@id":"https:\/\/temporizadorparachuveiro.com.br\/site\/#organization","name":"Temporizador para Chuveiro","alternateName":"Aqualux temporizador para chuveiro","url":"https:\/\/temporizadorparachuveiro.com.br\/site\/","logo":{"@type":"ImageObject","inLanguage":"pt-BR","@id":"https:\/\/temporizadorparachuveiro.com.br\/site\/#\/schema\/logo\/image\/","url":"https:\/\/temporizadorparachuveiro.com.br\/site\/wp-content\/uploads\/2025\/10\/cropped-logo-mini.png","contentUrl":"https:\/\/temporizadorparachuveiro.com.br\/site\/wp-content\/uploads\/2025\/10\/cropped-logo-mini.png","width":137,"height":33,"caption":"Temporizador para Chuveiro"},"image":{"@id":"https:\/\/temporizadorparachuveiro.com.br\/site\/#\/schema\/logo\/image\/"},"description":"Aqualux temporizador para chuveiro permite reduzir o valor da conta de luz e reduzir o valor da conta de \u00e1gua.","email":"paulosdc@gmail.com","telephone":"11962269058","legalName":"Psdimas","foundingDate":"2001-02-10","numberOfEmployees":{"@type":"QuantitativeValue","minValue":"1","maxValue":"10"},"ownershipFundingInfo":"https:\/\/temporizadorparachuveiro.com.br\/site\/informacoes-gerais\/"}]}},"_links":{"self":[{"href":"https:\/\/temporizadorparachuveiro.com.br\/site\/wp-json\/wp\/v2\/product\/1683","targetHints":{"allow":["GET"]}}],"collection":[{"href":"https:\/\/temporizadorparachuveiro.com.br\/site\/wp-json\/wp\/v2\/product"}],"about":[{"href":"https:\/\/temporizadorparachuveiro.com.br\/site\/wp-json\/wp\/v2\/types\/product"}],"replies":[{"embeddable":true,"href":"https:\/\/temporizadorparachuveiro.com.br\/site\/wp-json\/wp\/v2\/comments?post=1683"}],"version-history":[{"count":6,"href":"https:\/\/temporizadorparachuveiro.com.br\/site\/wp-json\/wp\/v2\/product\/1683\/revisions"}],"predecessor-version":[{"id":2113,"href":"https:\/\/temporizadorparachuveiro.com.br\/site\/wp-json\/wp\/v2\/product\/1683\/revisions\/2113"}],"wp:featuredmedia":[{"embeddable":true,"href":"https:\/\/temporizadorparachuveiro.com.br\/site\/wp-json\/wp\/v2\/media\/2079"}],"wp:attachment":[{"href":"https:\/\/temporizadorparachuveiro.com.br\/site\/wp-json\/wp\/v2\/media?parent=1683"}],"wp:term":[{"taxonomy":"product_brand","embeddable":true,"href":"https:\/\/temporizadorparachuveiro.com.br\/site\/wp-json\/wp\/v2\/product_brand?post=1683"},{"taxonomy":"product_cat","embeddable":true,"href":"https:\/\/temporizadorparachuveiro.com.br\/site\/wp-json\/wp\/v2\/product_cat?post=1683"},{"taxonomy":"product_tag","embeddable":true,"href":"https:\/\/temporizadorparachuveiro.com.br\/site\/wp-json\/wp\/v2\/product_tag?post=1683"}],"curies":[{"name":"wp","href":"https:\/\/api.w.org\/{rel}","templated":true}]}}